{"id":358,"date":"2024-01-12T09:30:32","date_gmt":"2024-01-12T14:30:32","guid":{"rendered":"https:\/\/rentarturismo.com\/hoteles\/?page_id=358"},"modified":"2024-02-02T19:23:22","modified_gmt":"2024-02-03T00:23:22","slug":"categorias-y-servicios","status":"publish","type":"page","link":"https:\/\/miopcionweb.com\/hoteles\/categorias-y-servicios\/","title":{"rendered":"Categor\u00edas y Servicios"},"content":{"rendered":"\n<h3 class=\"wp-block-heading\" style=\"font-size:19px\">En esta secci\u00f3n encontrar\u00e1s todas las categor\u00edas y servicios que prestamos hasta el momento, solo debes seleccionar una, haciendo clic en la imagen o anuncio y res\u00e9rvala, o Sube tu propiedad o Servicio y empieza a ganar dinero.<\/h3>\n\n\n\n<h4 class=\"wp-block-heading\" style=\"font-size:19px\">Si lo prefiere, haz una b\u00fasqueda por ubicaci\u00f3n, (ciudad) eligiendo una de la lista de <strong>Todas las Categor\u00edas<\/strong><\/h4>\n\n\n <form class=\"hp-form--wide hp-form--primary hp-block hp-form hp-form--listing-search\" action=\"https:\/\/miopcionweb.com\/hoteles\" method=\"GET\" data-component=\"form\"><div class=\"hp-form__messages\" data-component=\"messages\"><\/div><div class=\"hp-form__fields\"><input type=\"hidden\" name=\"post_type\" value=\"hp_listing\" class=\"hp-field hp-field--hidden\"><input type=\"hidden\" name=\"latitude\" value=\"\" data-coordinate=\"lat\" class=\"hp-field hp-field--hidden\"><input type=\"hidden\" name=\"longitude\" value=\"\" data-coordinate=\"lng\" class=\"hp-field hp-field--hidden\"><input type=\"hidden\" name=\"s\" value=\"\" class=\"hp-field hp-field--hidden\"><div class=\"hp-form__field hp-form__field--location\"><div data-format=\"\" data-countries=\"[&quot;CO&quot;]\" data-component=\"location\" class=\"hp-field hp-field--location\"><input type=\"text\" name=\"location\" value=\"\" autocomplete=\"off\" placeholder=\"Ubicaci\u00f3n\" maxlength=\"256\" class=\"hp-field hp-field--text\"><a href=\"#\" title=\"Local\u00edzame\"><i class=\"hp-icon fas fa-location-arrow\"><\/i><\/a><\/div><\/div><div class=\"hp-form__field hp-form__field--select\"><select name=\"_category\" data-component=\"select\" class=\"hp-field hp-field--select\"><option value=\"\">Todas las categor\u00edas<\/option><option value=\"98\">Apartahoteles<\/option><option value=\"96\">Holetes<\/option><option value=\"97\">Hostales<\/option><\/select><\/div><\/div><div class=\"hp-form__footer\"><button type=\"submit\" class=\"hp-form__button button-primary alt button hp-field hp-field--submit\"><span>Buscar<\/span><\/button><\/div><\/form>\n\n <div class=\"hp-listing-categories hp-grid hp-block\"><div class=\"hp-row\"><div class=\"hp-grid__item hp-col-sm-3 hp-col-xs-12\"><article class=\"hp-listing-category hp-listing-category--view-block\"><header class=\"hp-listing-category__header\"><a href=\"https:\/\/miopcionweb.com\/hoteles\/listing-category\/hoteles\/\" class=\"hp-listing-category__image\" style=\"background-image:url(https:\/\/miopcionweb.com\/hoteles\/wp-content\/uploads\/sites\/3\/2024\/02\/Hoteles-400x400.jpg)\"><\/a>\n<div class=\"hp-listing-category__item-count hp-listing-category__count\">2 anuncios<\/div>\n<\/header><div class=\"hp-listing-category__content\"><h3 class=\"hp-listing-category__name\"><a href=\"https:\/\/miopcionweb.com\/hoteles\/listing-category\/hoteles\/\">Holetes<\/a>\n<\/h3><div class=\"hp-listing-category__details hp-listing-category__details--primary\"><\/div>\t<div class=\"hp-listing-category__description\">Busca y encuentra los mejores precios de habitaci\u00f3n de Hoteles en todo el mundo.<\/div>\n\t<\/div><\/article><\/div><div class=\"hp-grid__item hp-col-sm-3 hp-col-xs-12\"><article class=\"hp-listing-category hp-listing-category--view-block\"><header class=\"hp-listing-category__header\"><a href=\"https:\/\/miopcionweb.com\/hoteles\/listing-category\/hostales\/\" class=\"hp-listing-category__image\" style=\"background-image:url(https:\/\/miopcionweb.com\/hoteles\/wp-content\/uploads\/sites\/3\/2024\/02\/Hostales-en-Colombia-400x400.jpg)\"><\/a>\n<div class=\"hp-listing-category__item-count hp-listing-category__count\">0 anuncios<\/div>\n<\/header><div class=\"hp-listing-category__content\"><h3 class=\"hp-listing-category__name\"><a href=\"https:\/\/miopcionweb.com\/hoteles\/listing-category\/hostales\/\">Hostales<\/a>\n<\/h3><div class=\"hp-listing-category__details hp-listing-category__details--primary\"><\/div>\t<div class=\"hp-listing-category__description\">Busca y encuentra Hostales con los mejores precios de habitaci\u00f3n en todo el mundo.<\/div>\n\t<\/div><\/article><\/div><div class=\"hp-grid__item hp-col-sm-3 hp-col-xs-12\"><article class=\"hp-listing-category hp-listing-category--view-block\"><header class=\"hp-listing-category__header\"><a href=\"https:\/\/miopcionweb.com\/hoteles\/listing-category\/apartahoteles\/\" class=\"hp-listing-category__image\" style=\"background-image:url(https:\/\/miopcionweb.com\/hoteles\/wp-content\/uploads\/sites\/3\/2024\/02\/apartahoteles-400x400.jpg)\"><\/a>\n<div class=\"hp-listing-category__item-count hp-listing-category__count\">0 anuncios<\/div>\n<\/header><div class=\"hp-listing-category__content\"><h3 class=\"hp-listing-category__name\"><a href=\"https:\/\/miopcionweb.com\/hoteles\/listing-category\/apartahoteles\/\">Apartahoteles<\/a>\n<\/h3><div class=\"hp-listing-category__details hp-listing-category__details--primary\"><\/div>\t<div class=\"hp-listing-category__description\">Busca y encuentra en todo el mundo Apartahoteles con los mejores precios.<\/div>\n\t<\/div><\/article><\/div><\/div><\/div>","protected":false},"excerpt":{"rendered":"<p>En esta secci\u00f3n encontrar\u00e1s todas las categor\u00edas y servicios que prestamos hasta el momento, solo debes seleccionar una, haciendo clic en la imagen o anuncio y res\u00e9rvala, o Sube tu propiedad o Servicio y empieza a ganar dinero. Si lo prefiere, haz una b\u00fasqueda por ubicaci\u00f3n, (ciudad) eligiendo una de la lista de Todas las [&hellip;]<\/p>\n","protected":false},"author":1,"featured_media":0,"parent":0,"menu_order":0,"comment_status":"closed","ping_status":"closed","template":"","meta":{"footnotes":""},"_links":{"self":[{"href":"https:\/\/miopcionweb.com\/hoteles\/wp-json\/wp\/v2\/pages\/358"}],"collection":[{"href":"https:\/\/miopcionweb.com\/hoteles\/wp-json\/wp\/v2\/pages"}],"about":[{"href":"https:\/\/miopcionweb.com\/hoteles\/wp-json\/wp\/v2\/types\/page"}],"author":[{"embeddable":true,"href":"https:\/\/miopcionweb.com\/hoteles\/wp-json\/wp\/v2\/users\/1"}],"replies":[{"embeddable":true,"href":"https:\/\/miopcionweb.com\/hoteles\/wp-json\/wp\/v2\/comments?post=358"}],"version-history":[{"count":18,"href":"https:\/\/miopcionweb.com\/hoteles\/wp-json\/wp\/v2\/pages\/358\/revisions"}],"predecessor-version":[{"id":696,"href":"https:\/\/miopcionweb.com\/hoteles\/wp-json\/wp\/v2\/pages\/358\/revisions\/696"}],"wp:attachment":[{"href":"https:\/\/miopcionweb.com\/hoteles\/wp-json\/wp\/v2\/media?parent=358"}],"curies":[{"name":"wp","href":"https:\/\/api.w.org\/{rel}","templated":true}]}}